 be 3/(-2)*(8 + -3 - 11). Suppose -n + c = i + 4*n, -i + 2*n = 26. Let v = 31 + i. What is the highest common divisor of v and 15?
15
Let r be 15/(-6)*2 + 29. Suppose 3*z = 159 - r. What is the greatest common factor of 10 and z?
5
Let o = -227 + 277. Suppose 6 = 3*n + 2*m - 24, -31 = -5*n + 3*m. Suppose 23 = 3*f + n. What is the greatest common factor of f and o?
5
Let w(f) = 6*f + 20. Let b(o) = 7*o + 20. Let g(d) = 4*b(d) - 3*w(d). Let k be g(2). What is the highest common factor of 280 and k?
40
Suppose 31*x = -6*x + 8103. Calculate the greatest common factor of x and 1168.
73
Let l(i) = 18*i**2 + 76*i + 10. Let r(b) = -5*b**2 - 25*b - 4. Let q(p) = 2*l(p) + 7*r(p). Let x be q(26). What is the highest common factor of x and 20?
10
Let h(q) = -1073*q - 1110. Let y be h(-14). Calculate the highest common divisor of 111 and y.
37
Suppose 5*s + 5*k = -3170 + 22540, 0 = -s - 5*k + 3870. Calculate the greatest common divisor of 155 and s.
155
Let c be -4 + -1 + (6/(-5))/(69/(-3910)). Calculate the greatest common divisor of c and 153.
9
Let r(c) = -c + 56. Let s be r(0). Suppose -93 = -158*j + 159*j - 109. Calculate the highest common factor of j and s.
8
Let c = 630 + -234. Suppose 0 = 3*d - u + 6*u + 82, 5*d + 128 = -4*u. Let s = d - -60. What is the greatest common factor of c and s?
36
Let u = -9837 - -9849. Calculate the greatest common divisor of u and 2004.
12
Let b be 6/(-1 + -1) - (-1235)/1. Suppose -12*q = 10*q + b. Let r = 111 + q. Calculate the highest common divisor of 5 and r.
5
Suppose -124*l - 710 = -2074. Let p(t) = -3*t + 29. Let x(f) = -16*f**2. Let q be x(1). Let s be p(q). What is the highest common factor of l and s?
11
Suppose -5*b = -20, 5*c - 8 = 2*c - 2*b. Suppose 6*x - 1848 - 5418 = c. Suppose -9*f + 139 = -x. What is the highest common divisor of f and 100?
50
Suppose -3*n + 11*m + 15 = 6*m, -5*n + 5*m = -15. Suppose n = 3*i - 3*k, 3*k - 16 = -4*i - k. What is the highest common factor of 1 and i?
1
Suppose v - 160 = 4*t, 4*t + 360 = 4*v - 232. Suppose 2*m - 29 = 7. Calculate the highest common divisor of v and m.
18
Suppose 76*o = 545 + 367. Calculate the greatest common divisor of 128 and o.
4
Let s = 588 + -273. Suppose -a + 7*u = 3*u - 156, -2*a = -5*u - s. Calculate the highest common factor of 20 and a.
20
Suppose -23*x + 2948 = 2603. Calculate the highest common factor of 28245 and x.
15
Suppose 2*m = -f + 108, 6*m - 2*f + 271 = 11*m. Suppose m*q + 912 = 61*q. Calculate the highest common factor of 8 and q.
8
Let q be -3 + (52 - (-9)/(7 + 11)*6). Suppose 0 = a + 3*o - 15, -a + 2*o + 8 = -2. Let c be (-26)/(-3)*a/8. Calculate the highest common divisor of c and q.
13
Let o(w) = -2*w**2 - 20*w - 4. Let r be o(-9). Suppose r*y + 3 = 465. What is the highest common factor of 55 and y?
11
Let j(g) = g**2 + g - 1. Let q be j(-4). Let h be 468 + 148/28 + ((-64)/(-28))/(-8). Calculate the greatest common divisor of q and h.
11
Suppose -2*u + 1291 = -3*s, -73*s + 70*s + 641 = u. What is the greatest common divisor of 2484 and u?
92
Let m(d) = 14*d - 207. Let u be m(15). What is the highest common factor of u and 327?
3
Let y = -4415 + 4530. What is the greatest common factor of 345 and y?
115
Let t = -11494 - -16508. What is the greatest common factor of t and 46?
46
Let f be -85 + 98 + 2004 + -1. Calculate the highest common factor of f and 1386.
126
Let j = -290 + 295. Suppose 0 = 2*p - j*z - 95, 0 = -4*p - z + 76 + 147. What is the highest common factor of p and 5?
5
Let p be -18*(-130)/(-1365) + 2987/7. Suppose z - 5*t - 75 = 0, -5*z = 4*t + 131 - 361. What is the highest common divisor of z and p?
25
Let g be 1/(-6) - (-5)/((-180)/(-294)). Suppose -y + 72 = 2*o, -5*y = -o - g + 66. What is the highest common factor of 304 and o?
38
Suppose 15*p = 66*p - 1122. What is the greatest common divisor of p and 5071?
11
Let v = 68 + 89. Let w = v + -139. What is the greatest common divisor of w and 81?
9
Let u be -26 + (2 - 0 - (-22 + 28)). Let r = 35 - u. Calculate the highest common divisor of r and 5.
5
Let a(o) = -o**3 - 3*o**2 - 3*o + 32. Let z be a(0). What is the greatest common divisor of 8 and z?
8
Let i(r) = r**3 - 22*r**2 - 21*r - 43. Let s be i(23). Suppose -s*a = 2*t - 0*a - 263, 3*t - 405 = -a. Calculate the highest common factor of 102 and t.
34
Let g be 1/(739/369 + -2). Suppose 0 = -64*u + u + 2583. What is the greatest common divisor of g and u?
41
Let l(z) = 11*z - 230. Suppose 23*f = 495 + 103. Let c be l(f). Calculate the highest common factor of 7 and c.
7
Let l be 197 + 1 + -19 - 5. What is the greatest common factor of 192 and l?
6
Suppose -h = -14*i + 9*i - 725, -3*h - 3*i + 2157 = 0. Suppose 0*r = 6*r - h. What is the highest common factor of 24 and r?
24
Suppose 4*l - 4*g = 80, 2*g + 18 = 8. Let x be (2 - -1) + (0 - 0). What is the highest common divisor of x and l?
3
Let x = -7178 - -9420. Calculate the greatest common factor of x and 1298.
118
Let s(j) = 2*j + 3*j - 61 + 48. Let q be s(11). Let g = 954 - 849. Calculate the highest common factor of q and g.
21
Let l(g) = -g**3 + 74*g**2 + 101*g - 978. Let u be l(75). What is the greatest common divisor of u and 594?
54
Suppose 4*g + 5*k - 412 = 3*k, 3*k = 3*g - 282. What is the highest common divisor of g and 1150?
50
Let j = 398 - 413. Let q be (2 - (-4 + j/(-3)))*9. Suppose -169 = -3*a + 128. What is the greatest common factor of a and q?
9
Let t(q) = 77*q**3 - 23*q**2 - 4*q + 1. Let n be t(3). What is the highest common factor of 1 and n?
1
Let a(v) = 19*v - 5. Let y = 58 - 55. Let m be a(y). Suppose 3*s + 2*r = -s + m, -5*s - 5*r = -70. Calculate the highest common factor of s and 8.
4
Suppose 5*n + 0 = 2*g - 8, 2*g - n = 8. Let u be ((-538)/(-6) + -2)/((-27)/(-81)). Let r = u - 255. What is the highest common factor of r and g?
4
Let a(h) = -17*h + 3. Let f be a(-6). Let d(x) = 13*x - 229. Let s be d(-29). Let c = 648 + s. What is the greatest common factor of f and c?
21
Suppose 23*j + 4175 = 24*j + 5*l, -3*l = -3*j + 12615. Calculate the highest common factor of 252 and j.
84
Suppose 67505 + 38991 = 13*p. Calculate the greatest common divisor of 32 and p.
32
Suppose l - 292*t = -297*t + 4, -3*t - 20 = -l. Suppose -466 = -3*x + 2*j, 732 = 5*x - j - 40. Calculate the greatest common divisor of l and x.
14
Let l be ((-1071)/(-6))/(17/6426*7). What is the highest common divisor of l and 126?
63
Let c = -21159 - -21223. Calculate the highest common divisor of 1728 and c.
64
Let v = 4882 - 4396. Calculate the greatest common divisor of v and 270.
54
Let c be (-19)/(-95)*(14 - -1). Suppose -180 = -4*h - 2*d, -2*h - d + 90 = c*d. What is the highest common divisor of 10 and h?
5
Suppose 28333 = 32*o + 19405. What is the greatest common factor of o and 117?
9
Suppose f = 3*f + 34. Let l be (-16 - f)/((-2)/(-64)). Suppose 0 = -4*q - 5*d + 26, 4*q - 3*q = -d + 6. What is the greatest common factor of l and q?
4
Let s be 4/((-8)/(-10)) + 1. Suppose s*k = -61 + 247. Calculate the greatest common factor of k and 124.
31
Let v be ((20009/33)/(-17))/(4/(-132)). Calculate the highest common divisor of 535 and v.
107
Suppose -91 = 2*d - 3*g + 4, -3*d = -g + 139. Let q = 52 + d. Let k be 3 - (-375)/12 - q/(-8). Calculate the greatest common factor of k and 14.
7
Let a(i) = -4454*i - 48985. Let c be a(-11). Let x = 125 + -77. Calculate the highest common divisor of x and c.
3
Let g(v) = 479*v - 946*v + 19 + 480*v. Let t be g(3). What is the greatest common factor of t and 290?
58
Suppose -7*b = -33 + 5. Suppose -4*s - 2740 = -3*v - v, -5*v + 3380 = b*s. Calculate the greatest common factor of 40 and v.
40
Let u = -599 + 896. Suppose 3*y - 29 = 4*g - 8*g, -3*g + 23 = 2*y. What is the greatest common divisor of g and u?
11
Let a be 9*6/(-8)*160/(16 + -17). Calculate the greatest common factor of 60 and a.
60
Suppose 0 = g + 2*g - 2*a + 59, -2*g = -2*a + 36. Let y = g - -22. Let x be 7*y*(-20)/14. What is the highest common factor of 20 and x?
10
Let c(g) = -48*g + 1260. Let o be c(-41). What is the greatest common factor of o and 12?
12
Suppose b - 20 = -4*b, -2*h + 4*b = -156. Let j be 43/h + (-2)/((-8)/118). What is the greatest common factor of j and 150?
30
Suppose -55*l - 647676 = -42*l - 40*l. What is the highest common divisor of l and 12?
12
Suppo